digit of b?
1
Let o be ((0 - -2) + -2)/(1*-2). Let a = 3 - o. Suppose -q - a = 0, 73 - 19 = 5*v - 3*q. What is the units digit of v?
9
Suppose c - 5*c = -2*z + 18, -5*z - 5*c + 30 = 0. Let s(w) = -w - 42. Let m be s(6). What is the tens digit of z + 9/(-3) - m?
5
Suppose -3*l - 22 + 67 = 0. Let w = 3 + l. What is the hundreds digit of 4/w - 12353/(-99)?
1
Let k = 4830 + 6887. What is the units digit of k?
7
Let n = 2022 + -2017. Let y be (2/1)/(8/12). Suppose 554 = n*g - 0*c - c, -12 = y*c. What is the tens digit of g?
1
Let k be (2 - (-1 + 1)) + 79/1. Let f be 315/k + (-3)/(-27). Suppose -2*m = 0, -f*r + 2*m - 6*m = -1036. What is the units digit of r?
9
Let z(u) be the second derivative of -38*u**3/3 - 11*u**2 - 2*u - 6. What is the units digit of z(-6)?
4
What is the tens digit of (-10 + 1343/(-51))*-603*(2 + -1)?
0
What is the ten thousands digit of 150/(-120) + ((-895986)/(-8))/9?
1
Let n(m) be the first derivative of 470*m**3/3 - m**2 + 2*m + 79. What is the hundreds digit of n(-1)?
4
Suppose -8*x + 145050 - 21834 = 0. What is the tens digit of x?
0
Let c(i) = 12*i**2 + 77*i - 2095. What is the hundreds digit of c(45)?
6
Suppose 14*i + 443 + 915 = 0. Let x = -33 + 180. Let o = x + i. What is the tens digit of o?
5
Let p = -465 - -670. Suppose -2*w = -p - 161. Let h = -111 + w. What is the units digit of h?
2
Let q be -37 + (2 - -8) + -7. Let x(z) = -17*z + 185. What is the hundreds digit of x(q)?
7
Let m(k) = 142*k**2 - 26*k - 67. Let c be m(-3). Suppose c = 4*n - 1243. What is the hundreds digit of n?
6
Let o = -817 + 1092. Suppose 63*w - 58*w - o = 0. What is the units digit of w?
5
Let s = 30276 + -27966. What is the hundreds digit of s?
3
Let y = -2244 + 7232. What is the thousands digit of y?
4
Suppose 0 = 4601*l - 4604*l + 73803. What is the thousands digit of l?
4
Let z = 61801 + -20138. What is the thousands digit of z?
1
Let x(u) = -u**2 + 16*u - 9. Suppose 7*c - 66 - 25 = 0. What is the units digit of x(c)?
0
Let c = -55 - -60. Suppose -5*j - c*j = -160. Suppose r - 72 = j. What is the tens digit of r?
8
Let o(y) = 5 - 8*y**3 - 16*y**2 + 15*y**3 + 4*y + 13*y**2 - 5*y**3 - y**3. Let m(v) = 3*v - 4. Let g be m(3). What is the units digit of o(g)?
5
Let c = 299 + -268. Suppose -26*l - 2975 = -c*l. What is the hundreds digit of l?
5
Suppose 0 = p - 4*m - 10, -62 + 12 = -5*p + 4*m. Suppose p*u - 656 = 554. Let c = u + -50. What is the tens digit of c?
7
What is the thousands digit of 1 - (2/(-25) - 1240792/100)?
2
Suppose -209*z - 137*z + 1309330 + 5180592 = 0. What is the tens digit of z?
5
Let l(d) = 149*d**3 - 9*d**2 - 5*d + 22 - 292*d**3 - 7*d + 144*d**3. What is the units digit of l(10)?
2
Let p be 0 + -3 - -1*(1 + 1). Let o be (-5)/15 + p*401/3. Let l = o + 276. What is the hundreds digit of l?
1
Suppose -2*r = 2*o - 10530, 2*o - 42*r + 39*r = 10510. What is the units digit of o?
1
Let d(p) = 10*p**2 + p + 8. Let o be d(-12). Let t(f) = -3*f + 5. Let g be t(9). What is the units digit of g/(-99) - o/(-18)?
0
Let x be (-3 + (-43)/(-5))/(10/(-350)). Let g = 827 + x. What is the tens digit of g?
3
Let f(v) = -v**3 + 21*v**2 - 9*v + 21. Let i be f(20). Suppose 0 = -4*a - 5*d + 614 + i, -3*a - 2*d = -636. What is the units digit of a?
0
Let d = 69 - 72. Let c = d + 2. Let p(i) = -37*i**3 + i**2 - 1. What is the units digit of p(c)?
7
Let b = 394 - -117. Let d = b + -190. What is the hundreds digit of d?
3
Suppose 5*x + 19 = q, 6*x - 2 = -2*q + 4*x. Let i(k) = 15 - q*k - 12 + k**2 - 4*k - 9. What is the tens digit of i(-7)?
9
Let q(c) = 23*c - 9. Let v be q(5). Let y = v - 101. Suppose 1188 = 16*t - y*t. What is the tens digit of t?
0
What is the units digit of (((-14)/7)/(-2))/(2 - (-17057)/(-8529))?
9
Let m(g) = 3*g - 9. Let k be m(6). Let x(d) = -d**2 + 7*d + 21. Let q be x(k). Suppose -q*z + 4*s - 137 = -4*z, 0 = -2*s - 8. What is the units digit of z?
3
What is the units digit of -7 + (7 - 13) - -7704?
1
Suppose -4*u = -5*i - 487, 4*i - 660 = -5*u - 0*i. Let j be 10/15*216/(-96)*304/6. Let g = u + j. What is the units digit of g?
2
Suppose -554683 = -7*l - 2*b - 179908, 0 = -l + b + 53538. What is the hundreds digit of l?
5
Suppose -2*v - 10 = 5*t, -4*v = -t - 5*v - 5. What is the units digit of (17 - t/(-2))/(12/36)?
1
Let n = 635 - -386. What is the thousands digit of n?
1
Suppose 13 = v - 20. Let o = 95 - v. What is the tens digit of (-1 - (-3)/(-1)) + o?
5
Let k = 4833 + 3233. What is the hundreds digit of k?
0
Suppose 3*v - 2*s - 10 = 0, 5*s + 0*s + 25 = 3*v. Suppose r + 2 = v, 5*n = 9*r - 4*r + 265. What is the units digit of n?
1
What is the tens digit of (-3 - -1) + (-2347982)/(-97)?
0
What is the thousands digit of (-2*1/(-2))/(-3 + (-167472)/(-55818))?
3
Let r(f) = -f**2 + 23*f - 28. Let b = 189 + -104. Suppose -84 = -3*y - y - 4*j, 0 = -5*y - j + b. What is the units digit of r(y)?
4
Let p(r) = 25*r**2 + 13*r - 2905. What is the ten thousands digit of p(-46)?
4
Let q = 101 - 361. Let h = 304 + q. What is the units digit of h?
4
Let k(r) = 31*r**3 - r**2 + 1. Let a = 86 - 83. Suppose 0 = 4*n - 5 - a. What is the hundreds digit of k(n)?
2
Let m(p) be the second derivative of -p**5/20 + 23*p**4/12 - 32*p**3/3 + 18*p**2 + 50*p. What is the tens digit of m(17)?
8
What is the units digit of 2164*(-6)/(-13 + 11)?
2
Let o(k) = k - 10. Let a(g) = 2*g**2 - 1. Let j be a(1). Let q be 2*j/(-6)*(-561)/11. What is the units digit of o(q)?
7
Let d = -23 + 11. Let v = 40 + d. What is the units digit of (-14)/v + (-95)/(-2)?
7
Suppose 11*d - 17*d = 18. Let h be 210/(-45)*(-6)/4. What is the tens digit of -3 + h - (6 + d - 123)?
2
Suppose 14*d - 162702 = -9*d. Suppose -33*k + d = -27*k. What is the hundreds digit of k?
1
Let u(o) be the first derivative of -9*o**2 + 18*o + 86. What is the units digit of u(-27)?
4
Suppose 13*l = -4*g + 36676 + 33915, 0 = -4*l + 2*g + 21730. What is the tens digit of l?
3
Suppose -9*k + 121 = 31. Let z be (4/k)/(1/(-10)). What is the tens digit of -65*6*2/z?
9
Suppose 42*m - 98*m = -1990800. What is the tens digit of m?
5
Suppose 0 = -27*a + 122918 + 58333. What is the thousands digit of a?
6
What is the tens digit of 3 - (-40)/(-14) - 16*15676/(-56)?
7
Let j = -646576 - -1021975. What is the units digit of j/636 - (2/8 - 0)?
0
Let j(n) = n**3 + 4*n**2 - 3*n - 4. Let h be j(2). Suppose -10*q = -h*q + 776. Let b = -106 + q. What is the units digit of b?
8
Let o be (-11 - -8)*(-5)/(-3). Let a(z) be the third derivative of -z**4/6 + 5*z**3/2 - 7*z**2. What is the tens digit of a(o)?
3
Suppose 0 = -12*m + 8*m + 2*l + 28786, 5*m - 35980 = 5*l. What is the hundreds digit of m?
1
Let w(g) = -8*g**2 + 6*g**2 - 111*g**3 + 3 - 1 + 0*g**2. Let n be w(-1). Suppose -n = 5*c - 8*c. What is the units digit of c?
7
What is the hundreds digit of 22 + 1512 + 8 + -2?
5
Let n = 67 - 242. Suppose -4*u = p - 1085, -29*p + 25*p + 830 = 3*u. Let q = u + n. What is the units digit of q?
5
Let g = -76169 + 107751. What is the ten thousands digit of g?
3
Let w be 56/252 - 284/(-18). What is the units digit of 482*(20/w + 1/(-4))?
2
Let g = -20 - -60. Let j = -16 + g. Suppose 5*r = j + 266. What is the units digit of r?
8
Let t = 27504 + 46256. What is the tens digit of t?
6
Suppose 17*o - 13*o = -4652. Let l = o - -660. Let k = -327 - l. What is the units digit of k?
6
Let a = 13999 + 378. What is the tens digit of a?
7
Suppose 23*a = 27*a - 3*v - 92, -5*a - 3*v = -88. Let w = a + 94. What is the tens digit of w?
1
Suppose u - 6*u - 365 = 0. Let x = -186 - u. Let p = x - -206. What is the tens digit of p?
9
Let t(g) = 5*g**3 + 6*g**2 - 61*g + 107. What is the thousands digit of t(15)?
7
Let l = 192971 - 135178. What is the thousands digit of l?
7
Let n(w) = -w**2 - 4*w. Let g be n(-2). Let l be g + (-3 - 5/(1/(-1))). Suppose 1420 = -u + l*u. What is the tens digit of u?
8
Let d(m) = -m**2 - 17*m - 5. Let y(o) = -o**2 - 16*o - 5. Suppose -4*v + t - 13 = 6*t, -2*t = -v. Let i(n) = v*d(n) + 3*y(n). What is the units digit of i(-6)?
3
Let b = 55 - 52. Suppose 0 = -2*j + 4*k + 386, 4*j - 904 = b*k - 127. What is the tens digit of j?
9
Suppose -253*z + 793979 = -859882. What is the hundreds digit of z?
5
Let u be (-2 + 460)/((-4)/(-2)). Suppose -w = 5*k - 96, 5*w + 2*k = 320 + u. What is the tens digit of w?
1
Suppose 287221 = 171